 29*d**2 + 15*d - 9. What is u(14)?
5
Let j(m) = -m**2 - 9*m - 7. Calculate j(-6).
11
Let b(a) = a**3 - 2*a**2 - 10*a - 9. Give b(5).
16
Let l(n) = 2*n**2 + 6*n - 15. Give l(3).
21
Let f(a) = -a + 13. Calculate f(-8).
21
Let d(k) = 106*k**3 - 2*k + 1. Determine d(1).
105
Let q(b) = b**3 - 19*b**2 + 25*b - 75. What is q(18)?
51
Let y(b) = -b**2 - 6*b - 2. What is y(-8)?
-18
Let p(o) = 9*o**2 - 5*o + 5. Determine p(2).
31
Let j(s) = 185*s + 191. Calculate j(-1).
6
Let a(h) = 16*h + 247. What is a(-15)?
7
Let y(d) = -d**2 - d + 11. What is y(4)?
-9
Let m(b) = -b + 1. Calculate m(-3).
4
Let s(r) = r**2 - 3*r - 2. What is s(7)?
26
Let j(i) = -i. Determine j(-7).
7
Let n(i) = -2*i**2 + 51*i - 37. What is n(20)?
183
Let z(g) = -g**2 - 5*g + 2. Calculate z(-5).
2
Let o(h) = -5*h - 20. What is o(-7)?
15
Let m(h) = h**2 + h - 4. Calculate m(2).
2
Let x(n) = 2*n**2 + 11*n + 7. Give x(-4).
-5
Let v(q) = -q**2 - 21*q - 46. Give v(-20).
-26
Let z(n) = 4*n**2 - 27*n + 4. Determine z(6).
-14
Let w(q) = 3*q**2 + 51*q + 12. Determine w(-17).
12
Let d(u) = 10*u - 153. Give d(15).
-3
Let w(d) = 4*d**3 - 3*d - 5. Determine w(-2).
-31
Let y(q) = q**2 + 29*q - 98. Calculate y(-32).
-2
Let v(y) = y**2 + 13*y. Give v(-12).
-12
Let x(k) = -2*k**2 + 9*k - 5. Determine x(6).
-23
Let g(r) = -15*r**2 + 6*r + 7. Give g(-2).
-65
Let x(p) = -p**2 + 16*p - 43. Determine x(15).
-28
Let a(s) = -2*s - 4. Determine a(-4).
4
Let v(l) = -l**3 + 22*l**2 - 22*l + 17. Give v(21).
-4
Let r(n) = 7*n**2 + 5*n + 19. Determine r(0).
19
Let q(o) = -o**2 + 19*o - 13. Determine q(18).
5
Let u(m) = 24*m - 34. Give u(5).
86
Let o(m) = 5*m**2 - 62*m - 9. Determine o(12).
-33
Let o(l) = l. Give o(-6).
-6
Let r(l) = 17*l - 31. Calculate r(-3).
-82
Let n(p) = -p**2 - 7*p + 28. Calculate n(6).
-50
Let o(a) = -a**2 - 27*a + 37. What is o(-29)?
-21
Let n(h) = -h**3 + 15*h**2 + 11*h + 21. Determine n(16).
-59
Let g(t) = 2*t - 6. What is g(-7)?
-20
Let u(j) = -j**3 + 6*j**2 + 41*j + 2. Determine u(-4).
-2
Let m(n) = n**2 + 2*n - 16. What is m(4)?
8
Let b(m) = m**3 - 6*m + 3. Determine b(-3).
-6
Let f(w) = 5*w - 18. Give f(0).
-18
Let z(a) = -4*a + 64. Determine z(17).
-4
Let p(z) = 12*z + 310. What is p(-26)?
-2
Let h(d) = -d + 17. What is h(0)?
17
Let o(n) = n**2 + 4*n + 10. Determine o(-3).
7
Let a(i) = -i**3 - 8*i**2 + 6*i + 42. Calculate a(-8).
-6
Let x(h) = -h**3 - 6*h**2 - 6*h + 1. Give x(-4).
-7
Let a(o) = -3*o**2 + 7*o + 17. Determine a(7).
-81
Let w(a) = a**2 - 10*a - 13. Give w(9).
-22
Let i(f) = -3*f - 11. What is i(-5)?
4
Let f(c) = -2*c**2 + 18*c + 92. What is f(13)?
-12
Let q(j) = -2*j**2 + 11. Determine q(0).
11
Let b(j) = -j**3 - 8*j**2 + 16*j + 14. Give b(-10).
54
Let h(x) = x**2 - x. Calculate h(-1).
2
Let y(t) = -t**3 - 11*t**2 + 5*t + 10. What is y(-12)?
94
Let k(r) = r**2 - 2*r + 4. Give k(0).
4
Let g(l) = 8*l**3 + l**2 + l + 1. Calculate g(-1).
-7
Let s(j) = 2*j + 4. Calculate s(6).
16
Let d(y) = y**3 - 9*y**2 + 7*y + 5. Calculate d(7).
-44
Let h(p) = -2*p**3 + 15*p**2 - 16*p - 8. Calculate h(6).
4
Let z(s) = -s**3 - 3*s**2 + 8*s + 7. Determine z(-4).
-9
Let g(d) = 3*d**2 - d - 19. Determine g(3).
5
Let g(p) = 2*p**2 + p - 25. What is g(0)?
-25
Let r(f) = -6*f + 2. What is r(7)?
-40
Let j(h) = -2*h + 21. Give j(10).
1
Let c(t) = t**2 - 11*t - 62. Determine c(15).
-2
Let t(m) = -m**2 + m. What is t(0)?
0
Let s(r) = r**2 - 6*r - 20. Calculate s(8).
-4
Let u(l) = 2*l + 11. Give u(11).
33
Let n(t) = t**2 + 7*t - 3. Give n(-7).
-3
Let h(o) = 6*o**3 + 2*o - 3. Calculate h(1).
5
Let u(r) = -r**2 - 36*r. Calculate u(-36).
0
Let c(m) = m**2 - 18*m + 82. Determine c(8).
2
Let w(x) = 3*x - 20. Give w(-4).
-32
Let w(t) = t**2 - 5*t - 16. Calculate w(-5).
34
Let t(b) = 2*b**3 + 3*b**2 - 6*b - 7. Give t(-3).
-16
Let p(v) = -6*v**2 + v - 2. What is p(1)?
-7
Let m(q) = q**2 - 7*q + 12. Determine m(6).
6
Let g(x) = 3*x + 14. Determine g(-7).
-7
Let b(o) = -5*o + 2. What is b(-4)?
22
Let q(u) = u**2 - 12*u + 31. Give q(5).
-4
Let l(t) = 13*t**2 + 6*t + 4. What is l(-1)?
11
Let z(i) = -i + 9. Determine z(-8).
17
Let w(p) = p**3 - 16*p**2 - 15*p - 24. What is w(17)?
10
Let i(b) = 4*b**2 + 5*b + 2. What is i(-2)?
8
Let f(m) = -6*m - 8. Determine f(-5).
22
Let j(y) = y**3 + 10*y**2 + 19*y - 13. Give j(-7).
1
Let z(i) = i**2 - 2*i - 3. Give z(0).
-3
Let t(o) = o**3 + 8*o**2 + 10. Calculate t(-8).
10
Let j(t) = t**3 + 37*t**2 - 73*t + 195. Give j(-39).
0
Let i(k) = 9*k + 10. Give i(-8).
-62
Let f(w) = -9*w**3 + w**2 - w - 3. Calculate f(-1).
8
Let d(r) = 13*r + 122. Give d(-10).
-8
Let o(c) = -c**3 + 3*c - 4. Give o(3).
-22
Let q(c) = -c**2 - 2*c + 1. Give q(-3).
-2
Let n(r) = 19*r - 13. Determine n(1).
6
Let i(j) = j + 8. Calculate i(-3).
5
Let o(t) = 6*t + 5. Determine o(-6).
-31
Let q(p) = 2*p - 3. Calculate q(8).
13
Let o(l) = -37*l + 3. Calculate o(0).
3
Let x(c) = -c**2 + 8*c - 11. Calculate x(12).
-59
Let a(z) = -z**3 + 14*z**2 + 14*z + 22. Calculate a(15).
7
Let q(x) = -x**2 + 5*x - 7. Determine q(3).
-1
Let w(y) = y**3 + 7*y**2 - 13. Give w(-6).
23
Let w(g) = -7*g + 169. What is w(23)?
8
Let u(a) = a**3 + 8*a**2 - 2*a + 3. Calculate u(-8).
19
Let g(b) = -b**3 + 5*b**2 + 7*b - 6. Give g(6).
0
Let c(q) = -q**3 + 15*q**2 + 15*q + 16. Give c(16).
0
Let k(y) = -y**3 - 9*y**2 + 21*y - 7. Calculate k(-11).
4
Let t(k) = 11*k**2 + k - 2. Calculate t(2).
44
Let v(f) = -f**3 + 4*f**2 + 9*f - 15. What is v(5)?
5
Let s(p) = -p**3 + 9*p**2 - 6*p + 8. Calculate s(6).
80
Let w(v) = -v**3 - 7*v**2 - 8*v + 3. Give w(-6).
15
Let s(o) = o**3 - 20*o**2 + 21*o - 39. What is s(19)?
-1
Let y(h) = -h**3 - 12*h**2 - 12*h - 15. Determine y(-11).
-4
Let o(k) = -k**2 + 2*k + 2. Calculate o(4).
-6
Let q(p) = 3*p**2 + 61*p + 15. Determine q(-20).
-5
Let o(j) = j**3 + 4*j**2 - 4*j - 4. Determine o(-4).
12
Let s(l) = -l**3 - 14*l**2 + l + 13. Determine s(-14).
-1
Let p(r) = -r**3 + 7*r**2 + r + 2. Determine p(7).
9
Let x(y) = y**3 - 26*y**2 + 46*y + 52. What is x(24)?
4
Let c(r) = r**3 + 16*r**2 + 3*r + 3. Calculate c(-16).
-45
Let i(m) = -15*m - 114. What is i(-10)?
36
Let g(q) = -q**2 - 7*q - 12. Calculate g(-9).
-30
Let r(b) = -b**3 - b**2 + 3*b - 9. What is r(-3)?
0
Let u(d) = -61*d + 71. Give u(1).
10
Let d(k) = -k**3 + 2*k**2 - 3*k + 2. Calculate d(0).
2
Let z(w) = -w**3 + 5*w**2 - 4*w - 4. What is z(4)?
-4
Let g(l) = -l + 1. Give g(-2).
3
Let w(r) = -90*r**2 + 2*r - 1. Determine w(1).
-89
Let o(p) = p**3 - 6*p**2 + 2*p + 7. Give o(6).
19
Let l(k) = k**3 - 3*k - 3. Give l(-2).
-5
Let t(q) = -21*q - 298. Determine t(-14).
-4
Let a(n) = n**2 - n - 27. Give a(0).
-27
Let b(q) = -q**3 - 20*q**2 + 15*q - 16. Calculate b(-21).
110
Let x(z) = 11*z - 3. Calculate x(2).
19
Let a(f) = -8*f - 26. Determine a(-5).
14
Let y(x) = x**2 - 9*x + 18. What is y(6)?
0
Let z(x) = -x**2 - 14*x + 1. Determine z(-10).
41
Let j(d) = -2*d**2 - 39*d + 105. Give j(-22).
-5
Let z(j) = j**2 + 6*j + 12. Calculate z(6).
84
Let a(v) = -2*v**3 + 11*v**2 + 6*v - 8. Calculate a(6).
-8
Let m(q) = q**3 + 18*q**2 + 19*q + 34. Give m(-17).
0
Let j(b) = 2*b**3 - 4*b**2 - b - 4. Determine j(4).
56
Let o(i) = i**3 - 4*i**2 + 2*i - 2. Determine o(5).
33
Let h(i) = -53*i - 7. Determine h(2).
-113
Let f(p) = -p**2 - 6*p. Give f(-6).
0
Let d(y) = y**2 - 28*y + 169. Determine d(20).
9
Let a(m) = 4*m**2 - 2*m + 1. Determine a(2).
13
Let c(z) = -z**2 + 12*z - 32. Calculate c(11).
-21
Let f(l) = -l**3 - l**2 + 4*l - 3. Calculate f(4).
-67
Let q(l) = 5*l**2 + l - 7. Give q(2).
15
Let o(z) = z**2 - 4*z + 4. What is o(2)?
0
Let d(t) = -4*t - 16. Give d(-3).
-4
Let p(r) = 8*r - 157. Give p(19).
-5
Let h(u) = -2*u**2 - 50*u - 175. What is h(-21)?
-7
Let g(s) = -2*s**2 + 6*s + 44. What is g(-4)?
-12
Let u(x) = 34*x - 3. Give u(1).
31
Let u(j) = -j**3 - 8*j**2 - 5. What is u(-8)?
-5
Let x(d) = 2*d**2 + 17*d - 25. Calculate x(-9).
-16
Let n(f) = -f - 18. Give n(-13).
-5
Let g(m) = -m**2 - 11*m - 15. Calculate g(-10).
-5
Let f(l) = l - 2. Determine f(4).
2
Let s(t) = -t**3 + 6*t**2 - 3*t + 5. What is s(6)?
-13
Let t(i) = -2*i**2 + 10*i + 13. Give t(6).
1
Let j(f) = 3*f + 111. Determine j(-34).
9
Let c(h) = h**2 - h - 19. What is c(0)?
-19
Let s(r) = -7*r + 28. Determine s(4).
0
Let k(c) = 4*c**2 - 2*c - 7. What is k(-2)?
13
Let t(m) = 2*m**3 + m**2 - 5*m + 2. Give t(2).
12
Let 